{"id":19,"date":"2025-08-28T18:29:12","date_gmt":"2025-08-28T18:29:12","guid":{"rendered":"https:\/\/sportsreunisbelfortains.fr\/?page_id=19"},"modified":"2025-09-01T20:01:02","modified_gmt":"2025-09-01T20:01:02","slug":"notre-histoire","status":"publish","type":"page","link":"https:\/\/sportsreunisbelfortains.fr\/?page_id=19","title":{"rendered":"Notre histoire"},"content":{"rendered":"\n<p class=\"has-medium-font-size\">Le club\u00a0<strong>Sports R\u00e9unis Belfortains (SRB)<\/strong>\u00a0est une association sportive bas\u00e9e \u00e0 Belfort, en Bourgogne Franche-Comt\u00e9.\u00a0Cr\u00e9\u00e9 en 1956, le club r\u00e9sulte de la fusion de deux entit\u00e9s locales : l&rsquo;Union Sportive Belfortaine (USB) et l&rsquo;Association Sportive Patronale Belfortaine (ASPB).<\/p>\n\n\n\n<p class=\"has-medium-font-size\">Le Centre Beno\u00eet Frachon, situ\u00e9 \u00e0 Belfort, est un lieu embl\u00e9matique avec une riche histoire.\u00a0Construit dans les ann\u00e9es 70, cet \u00e9tablissement a \u00e9t\u00e9 mis en place pour former les cadres de la CGT.\u00a0Le centre s&rsquo;est transform\u00e9 en un espace d\u00e9di\u00e9 \u00e0 la formation syndicale et \u00e0 la culture, proposant une programmation diversifi\u00e9e qui comprend du th\u00e9\u00e2tre, de la musique et des expositions d&rsquo;art.<\/p>\n\n\n\n<p class=\"has-medium-font-size\">R\u00e9cemment, le club SRB a marqu\u00e9 son 70e anniversaire par une vari\u00e9t\u00e9 d&rsquo;\u00e9v\u00e9nements culturels et \u00e9ducatifs. Il demeure un lieu essentiel pour la communaut\u00e9, proposant des activit\u00e9s sportives et culturelles aux r\u00e9sidents de Belfort.<\/p>\n","protected":false},"excerpt":{"rendered":"<p>Le club\u00a0Sports R\u00e9unis Belfortains (SRB)\u00a0est une association sportive bas\u00e9e \u00e0 Belfort, en Bourgogne Franche-Comt\u00e9.\u00a0Cr\u00e9\u00e9 en 1956, le club r\u00e9sulte de la fusion de deux entit\u00e9s locales : l&rsquo;Union Sportive Belfortaine (USB) et l&rsquo;Association Sportive Patronale Belfortaine (ASPB). Le Centre Beno\u00eet Frachon, situ\u00e9 \u00e0 Belfort, est un lieu embl\u00e9matique avec une riche histoire.\u00a0Construit dans les ann\u00e9es [&hellip;]<\/p>\n","protected":false},"author":1,"featured_media":0,"parent":14,"menu_order":0,"comment_status":"closed","ping_status":"closed","template":"","meta":{"footnotes":""},"class_list":["post-19","page","type-page","status-publish","hentry"],"jetpack_sharing_enabled":true,"_links":{"self":[{"href":"https:\/\/sportsreunisbelfortains.fr\/index.php?rest_route=\/wp\/v2\/pages\/19","targetHints":{"allow":["GET"]}}],"collection":[{"href":"https:\/\/sportsreunisbelfortains.fr\/index.php?rest_route=\/wp\/v2\/pages"}],"about":[{"href":"https:\/\/sportsreunisbelfortains.fr\/index.php?rest_route=\/wp\/v2\/types\/page"}],"author":[{"embeddable":true,"href":"https:\/\/sportsreunisbelfortains.fr\/index.php?rest_route=\/wp\/v2\/users\/1"}],"replies":[{"embeddable":true,"href":"https:\/\/sportsreunisbelfortains.fr\/index.php?rest_route=%2Fwp%2Fv2%2Fcomments&post=19"}],"version-history":[{"count":3,"href":"https:\/\/sportsreunisbelfortains.fr\/index.php?rest_route=\/wp\/v2\/pages\/19\/revisions"}],"predecessor-version":[{"id":88,"href":"https:\/\/sportsreunisbelfortains.fr\/index.php?rest_route=\/wp\/v2\/pages\/19\/revisions\/88"}],"up":[{"embeddable":true,"href":"https:\/\/sportsreunisbelfortains.fr\/index.php?rest_route=\/wp\/v2\/pages\/14"}],"wp:attachment":[{"href":"https:\/\/sportsreunisbelfortains.fr\/index.php?rest_route=%2Fwp%2Fv2%2Fmedia&parent=19"}],"curies":[{"name":"wp","href":"https:\/\/api.w.org\/{rel}","templated":true}]}}