{"id":51,"date":"2025-08-28T19:14:25","date_gmt":"2025-08-28T19:14:25","guid":{"rendered":"https:\/\/sportsreunisbelfortains.fr\/?page_id=51"},"modified":"2025-09-07T15:26:53","modified_gmt":"2025-09-07T15:26:53","slug":"tennis","status":"publish","type":"page","link":"https:\/\/sportsreunisbelfortains.fr\/?page_id=51","title":{"rendered":"Tennis"},"content":{"rendered":"\n<p class=\"has-medium-font-size\">Vous aimez pratiquez le tennis ? Venez nous rejoindre au centre Beno\u00eet Frachon \u00e0 Belfort. Nous disposons de deux cours ext\u00e9rieurs refaits \u00e0 neuf en 2023, de l&rsquo;int\u00e9rieur du gymnase enp\u00e9riode hivernale. <\/p>\n\n\n\n<p class=\"has-medium-font-size\">Nous proposons la participation aux championnats r\u00e9gionaux.<br>Les cours d\u00e9butent mi-septembre, pour les adultes et les enfants. Pour les cours collectifs, nous recommandons de vous inscrire avant la mi-septembre. <\/p>\n\n\n\n<p class=\"has-medium-font-size\">Les adh\u00e9rents de la section peuvent venir jouer en dehors des horaires ci-dessous (qui sont les horaires des cours collectifs).<br><\/p>\n\n\n\n<div class=\"wp-block-buttons is-layout-flex wp-block-buttons-is-layout-flex\">\n<div class=\"wp-block-button\"><a class=\"wp-block-button__link wp-element-button\" href=\"https:\/\/www.facebook.com\/groups\/146674332073175\/\" target=\"_blank\" rel=\"noreferrer noopener\">Site Web<\/a><\/div>\n<\/div>\n\n\n<dl class=\"jetpack-business-hours wp-block-jetpack-business-hours has-medium-font-size\"><div class=\"jetpack-business-hours__item\"><dt class=\"Mon\">Lundi<\/dt><dd class=\"Mon\">18:00 &#8211; 22:00<\/dd><\/div><div class=\"jetpack-business-hours__item\"><dt class=\"Tue\">Mardi<\/dt><dd class=\"Tue\">Ferm\u00e9<\/dd><\/div><div class=\"jetpack-business-hours__item\"><dt class=\"Wed\">Mercredi<\/dt><dd class=\"Wed\">13:00 &#8211; 17:00, 18:00 &#8211; 22:00<\/dd><\/div><div class=\"jetpack-business-hours__item\"><dt class=\"Thu\">Jeudi<\/dt><dd class=\"Thu\">18:00 &#8211; 20:00<\/dd><\/div><div class=\"jetpack-business-hours__item\"><dt class=\"Fri\">Vendredi<\/dt><dd class=\"Fri\">Ferm\u00e9<\/dd><\/div><div class=\"jetpack-business-hours__item\"><dt class=\"Sat\">Samedi<\/dt><dd class=\"Sat\">Ferm\u00e9<\/dd><\/div><div class=\"jetpack-business-hours__item\"><dt class=\"Sun\">Dimanche<\/dt><dd class=\"Sun\">Ferm\u00e9<\/dd><\/div><\/dl>\n\n\n<div class=\"wp-block-jetpack-contact-info has-medium-font-size\">\n<div class=\"wp-block-jetpack-email\"><a href=\"mailto:srb_tennis@ik.me\">srb_tennis@ik.me<\/a><\/div>\n\n\n\n<div class=\"wp-block-jetpack-address\"><div class=\"jetpack-address__address jetpack-address__address2\">Centre Benoit Frachon<\/div><div class=\"jetpack-address__city\">Belfort<\/div><\/div>\n<\/div>\n\n\n\n<div class=\"wp-block-group alignfull has-global-padding is-content-justification-center is-layout-constrained wp-container-core-group-is-layout-36258603 wp-block-group-is-layout-constrained\" style=\"margin-top:0;margin-bottom:0;padding-top:calc( 0.5 * var(u002du002dwpu002du002dstyleu002du002drootu002du002dpadding-right, var(u002du002dwpu002du002dcustomu002du002dgapu002du002dhorizontal)));padding-right:var(u002du002dwpu002du002dstyleu002du002drootu002du002dpadding-right, var(u002du002dwpu002du002dcustomu002du002dgapu002du002dhorizontal));padding-bottom:calc( 0.5 * var(u002du002dwpu002du002dstyleu002du002drootu002du002dpadding-right, var(u002du002dwpu002du002dcustomu002du002dgapu002du002dhorizontal)));padding-left:var(u002du002dwpu002du002dstyleu002du002drootu002du002dpadding-left, var(u002du002dwpu002du002dcustomu002du002dgapu002du002dhorizontal))\">\n<div style=\"height:calc( 0.25 * var(u002du002dwpu002du002dstyleu002du002drootu002du002dpadding-right, var(u002du002dwpu002du002dcustomu002du002dgapu002du002dhorizontal)))\" aria-hidden=\"true\" class=\"wp-block-spacer\"><\/div>\n\n\n\n<div class=\"wp-block-group alignwide has-global-padding is-layout-constrained wp-block-group-is-layout-constrained\">\n<h2 class=\"wp-block-heading alignwide has-text-align-center is-pricing-title\">Tarification annuelle<\/h2>\n<\/div>\n\n\n\n<div style=\"height:calc( 0.25 * var(u002du002dwpu002du002dstyleu002du002drootu002du002dpadding-right, var(u002du002dwpu002du002dcustomu002du002dgapu002du002dhorizontal)))\" aria-hidden=\"true\" class=\"wp-block-spacer\"><\/div>\n\n\n\n<div style=\"height:calc( 0.25 * var(u002du002dwpu002du002dstyleu002du002drootu002du002dpadding-right, var(u002du002dwpu002du002dcustomu002du002dgapu002du002dhorizontal)))\" aria-hidden=\"true\" class=\"wp-block-spacer\"><\/div>\n<\/div>\n\n\n\n<figure class=\"wp-block-table\"><table><thead><tr><th>Tarifs<\/th><th class=\"has-text-align-center\" data-align=\"center\">Ayant droits<\/th><th class=\"has-text-align-center\" data-align=\"center\">Ext\u00e9rieur<\/th><\/tr><\/thead><tbody><tr><td>Cotisation SRB<\/td><td class=\"has-text-align-center\" data-align=\"center\">4 \u20ac<\/td><td class=\"has-text-align-center\" data-align=\"center\">6 \u20ac<\/td><\/tr><tr><td>Cotisation club adulte<\/td><td class=\"has-text-align-center\" data-align=\"center\">57 \u20ac<\/td><td class=\"has-text-align-center\" data-align=\"center\">87 \u20ac<\/td><\/tr><tr><td>Cotisation club enfant<\/td><td class=\"has-text-align-center\" data-align=\"center\">23 \u20ac <\/td><td class=\"has-text-align-center\" data-align=\"center\">23 \u20ac<\/td><\/tr><tr><td>Licence FFT adulte<\/td><td class=\"has-text-align-center\" data-align=\"center\">33 \u20ac<\/td><td class=\"has-text-align-center\" data-align=\"center\">33 \u20ac<\/td><\/tr><tr><td>Licence FFT &lt; 18 ans<\/td><td class=\"has-text-align-center\" data-align=\"center\">23 \u20ac<\/td><td class=\"has-text-align-center\" data-align=\"center\">20 \u20ac<\/td><\/tr><tr><td>Ecole de tennis adulte<\/td><td class=\"has-text-align-center\" data-align=\"center\">50 \u20ac<\/td><td class=\"has-text-align-center\" data-align=\"center\">50 \u20ac<\/td><\/tr><tr><td>Ecole de tennis &lt; 18 ans<\/td><td class=\"has-text-align-center\" data-align=\"center\">42 \u20ac<\/td><td class=\"has-text-align-center\" data-align=\"center\">42 \u20ac<\/td><\/tr><tr><td>Caution clef des cours<\/td><td class=\"has-text-align-center\" data-align=\"center\">12 \u20ac<\/td><td class=\"has-text-align-center\" data-align=\"center\">12 \u20ac<\/td><\/tr><\/tbody><\/table><\/figure>\n","protected":false},"excerpt":{"rendered":"<p>Vous aimez pratiquez le tennis ? Venez nous rejoindre au centre Beno\u00eet Frachon \u00e0 Belfort. Nous disposons de deux cours ext\u00e9rieurs refaits \u00e0 neuf en 2023, de l&rsquo;int\u00e9rieur du gymnase enp\u00e9riode hivernale. Nous proposons la participation aux championnats r\u00e9gionaux.Les cours d\u00e9butent mi-septembre, pour les adultes et les enfants. Pour les cours collectifs, nous recommandons de [&hellip;]<\/p>\n","protected":false},"author":1,"featured_media":0,"parent":9,"menu_order":0,"comment_status":"closed","ping_status":"closed","template":"","meta":{"footnotes":""},"class_list":["post-51","page","type-page","status-publish","hentry"],"jetpack_sharing_enabled":true,"_links":{"self":[{"href":"https:\/\/sportsreunisbelfortains.fr\/index.php?rest_route=\/wp\/v2\/pages\/51","targetHints":{"allow":["GET"]}}],"collection":[{"href":"https:\/\/sportsreunisbelfortains.fr\/index.php?rest_route=\/wp\/v2\/pages"}],"about":[{"href":"https:\/\/sportsreunisbelfortains.fr\/index.php?rest_route=\/wp\/v2\/types\/page"}],"author":[{"embeddable":true,"href":"https:\/\/sportsreunisbelfortains.fr\/index.php?rest_route=\/wp\/v2\/users\/1"}],"replies":[{"embeddable":true,"href":"https:\/\/sportsreunisbelfortains.fr\/index.php?rest_route=%2Fwp%2Fv2%2Fcomments&post=51"}],"version-history":[{"count":6,"href":"https:\/\/sportsreunisbelfortains.fr\/index.php?rest_route=\/wp\/v2\/pages\/51\/revisions"}],"predecessor-version":[{"id":184,"href":"https:\/\/sportsreunisbelfortains.fr\/index.php?rest_route=\/wp\/v2\/pages\/51\/revisions\/184"}],"up":[{"embeddable":true,"href":"https:\/\/sportsreunisbelfortains.fr\/index.php?rest_route=\/wp\/v2\/pages\/9"}],"wp:attachment":[{"href":"https:\/\/sportsreunisbelfortains.fr\/index.php?rest_route=%2Fwp%2Fv2%2Fmedia&parent=51"}],"curies":[{"name":"wp","href":"https:\/\/api.w.org\/{rel}","templated":true}]}}