{"id":6,"date":"2025-08-28T18:09:03","date_gmt":"2025-08-28T18:09:03","guid":{"rendered":"https:\/\/sportsreunisbelfortains.fr\/?page_id=6"},"modified":"2025-09-01T20:23:12","modified_gmt":"2025-09-01T20:23:12","slug":"nos-equipements","status":"publish","type":"page","link":"https:\/\/sportsreunisbelfortains.fr\/?page_id=6","title":{"rendered":"Nos \u00e9quipements"},"content":{"rendered":"\n<p class=\"has-large-font-size\"><strong>Le Centre Benoit Frachon<\/strong><\/p>\n\n\n\n<p class=\"has-medium-font-size\">Le centre est principalement constitu\u00e9 de :<\/p>\n\n\n\n<ul class=\"wp-block-list has-medium-font-size\">\n<li>un grand gymnase avec gradins, dimensionn\u00e9 pour accueillir un terrain de Handball<\/li>\n\n\n\n<li>des terrains de tennis en ext\u00e9rieur<\/li>\n\n\n\n<li>un dojo avec tatamis, pour les arts martiaux<\/li>\n\n\n\n<li>plusieurs salles de fitness avec machines et \u00e9quipements d\u00e9di\u00e9s<\/li>\n\n\n\n<li>diff\u00e9rentes salles de dimension vari\u00e9e, pour les r\u00e9unions et les activit\u00e9s douces<\/li>\n\n\n\n<li>des vestiaires avec douches<\/li>\n<\/ul>\n\n\n\n<p class=\"has-medium-font-size\">Les photos ci-dessous ont \u00e9t\u00e9 prises au Centre Beno\u00eet Frachon.<\/p>\n\n\n\n<figure class=\"wp-block-gallery has-nested-images columns-2 is-cropped wp-block-gallery-1 is-layout-flex wp-block-gallery-is-layout-flex\">\n<figure class=\"wp-block-image size-large\"><img decoding=\"async\" data-id=\"261\" src=\"https:\/\/amaniyounes246.wordpress.com\/wp-content\/uploads\/2024\/09\/cbf.jpg?w=1024\" alt=\"\" class=\"wp-image-261\"\/><\/figure>\n\n\n\n<figure class=\"wp-block-image size-large\"><img decoding=\"async\" data-id=\"266\" src=\"https:\/\/amaniyounes246.wordpress.com\/wp-content\/uploads\/2024\/09\/musc-1.jpeg?w=1024\" alt=\"\" class=\"wp-image-266\"\/><\/figure>\n\n\n\n<figure class=\"wp-block-image size-large\"><img decoding=\"async\" data-id=\"71\" src=\"https:\/\/amaniyounes246.wordpress.com\/wp-content\/uploads\/2024\/09\/tennis-1-1.jpg?w=1024\" alt=\"\" class=\"wp-image-71\"\/><\/figure>\n\n\n\n<figure class=\"wp-block-image size-large\"><img decoding=\"async\" data-id=\"265\" src=\"https:\/\/amaniyounes246.wordpress.com\/wp-content\/uploads\/2024\/09\/dojo.jpg?w=1024\" alt=\"\" class=\"wp-image-265\"\/><\/figure>\n<\/figure>\n\n\n\n<p class=\"has-medium-font-size\">Les SRB disposent \u00e9galement d&rsquo;un g\u00eete avec salle hors sac au ballon d&rsquo;Alsace, particuli\u00e8rement pratique pour se r\u00e9chauffer lors des sorties hivernales sur le massif Vosgien.<\/p>\n","protected":false},"excerpt":{"rendered":"<p>Le Centre Benoit Frachon Le centre est principalement constitu\u00e9 de : Les photos ci-dessous ont \u00e9t\u00e9 prises au Centre Beno\u00eet Frachon. Les SRB disposent \u00e9galement d&rsquo;un g\u00eete avec salle hors sac au ballon d&rsquo;Alsace, particuli\u00e8rement pratique pour se r\u00e9chauffer lors des sorties hivernales sur le massif Vosgien.<\/p>\n","protected":false},"author":1,"featured_media":0,"parent":0,"menu_order":1,"comment_status":"closed","ping_status":"closed","template":"","meta":{"footnotes":""},"class_list":["post-6","page","type-page","status-publish","hentry"],"jetpack_sharing_enabled":true,"_links":{"self":[{"href":"https:\/\/sportsreunisbelfortains.fr\/index.php?rest_route=\/wp\/v2\/pages\/6","targetHints":{"allow":["GET"]}}],"collection":[{"href":"https:\/\/sportsreunisbelfortains.fr\/index.php?rest_route=\/wp\/v2\/pages"}],"about":[{"href":"https:\/\/sportsreunisbelfortains.fr\/index.php?rest_route=\/wp\/v2\/types\/page"}],"author":[{"embeddable":true,"href":"https:\/\/sportsreunisbelfortains.fr\/index.php?rest_route=\/wp\/v2\/users\/1"}],"replies":[{"embeddable":true,"href":"https:\/\/sportsreunisbelfortains.fr\/index.php?rest_route=%2Fwp%2Fv2%2Fcomments&post=6"}],"version-history":[{"count":2,"href":"https:\/\/sportsreunisbelfortains.fr\/index.php?rest_route=\/wp\/v2\/pages\/6\/revisions"}],"predecessor-version":[{"id":111,"href":"https:\/\/sportsreunisbelfortains.fr\/index.php?rest_route=\/wp\/v2\/pages\/6\/revisions\/111"}],"wp:attachment":[{"href":"https:\/\/sportsreunisbelfortains.fr\/index.php?rest_route=%2Fwp%2Fv2%2Fmedia&parent=6"}],"curies":[{"name":"wp","href":"https:\/\/api.w.org\/{rel}","templated":true}]}}